.
496
Calculate the remainder when 35151 is divided by 1991.
1304
What is the remainder when 611243 is divided by 611168?
75
What is the remainder when 5108115 is divided by 2736?
3
Calculate the remainder when 316605 is divided by 316572.
33
What is the remainder when 66366 is divided by 11015?
276
Calculate the remainder when 36541073 is divided by 366.
365
Calculate the remainder when 1262175 is divided by 5110.
5
What is the remainder when 1019197 is divided by 382?
21
Calculate the remainder when 5917 is divided by 5371.
546
What is the remainder when 3374676 is divided by 843620?
196
Calculate the remainder when 5385269 is divided by 9651.
11
What is the remainder when 209387564 is divided by 48?
44
Calculate the remainder when 9108011 is divided by 5399.
5297
Calculate the remainder when 80638 is divided by 61.
57
Calculate the remainder when 44024595 is divided by 174.
159
Calculate the remainder when 348098 is divided by 6583.
5782
Calculate the remainder when 248521964 is divided by 1367.
1364
Calculate the remainder when 393253 is divided by 3402.
2023
What is the remainder when 327421 is divided by 56?
45
Calculate the remainder when 77758 is divided by 288.
286
Calculate the remainder when 19633 is divided by 3220.
313
Calculate the remainder when 3070923 is divided by 1023637.
12
Calculate the remainder when 5709834 is divided by 111.
105
What is the remainder when 3048521 is divided by 95?
66
What is the remainder when 69122 is divided by 17200?
322
Calculate the remainder when 231873 is divided by 6624.
33
Calculate the remainder when 112274 is divided by 8582.
708
Calculate the remainder when 3158714 is divided by 350968.
2
Calculate the remainder when 59721 is divided by 270.
51
What is the remainder when 162415 is divided by 27069?
1
Calculate the remainder when 7079274 is divided by 28661.
7
What is the remainder when 219152 is divided by 49?
24
What is the remainder when 197808 is divided by 284?
144
Calculate the remainder when 157130109 is divided by 16.
13
What is the remainder when 18162 is divided by 1395?
27
Calculate the remainder when 3673669 is divided by 154.
153
Calculate the remainder when 46266 is divided by 23057.
152
Calculate the remainder when 60053238 is divided by 3.
0
Calculate the remainder when 39269 is divided by 9335.
1929
Calculate the remainder when 37222 is divided by 368.
54
Calculate the remainder when 124071 is divided by 1940.
1851
What is the remainder when 1003785 is divided by 1287?
1212
What is the remainder when 104430 is divided by 104287?
143
What is the remainder when 1802070 is divided by 53002?
2
What is the remainder when 1489521 is divided by 135406?
55
Calculate the remainder when 34932352 is divided by 71.
68
Calculate the remainder when 311839626 is divided by 1494.
1488
Calculate the remainder when 447455 is divided by 341.
63
What is the remainder when 151616 is divided by 37898?
24
What is the remainder when 281614 is divided by 25601?
3
Calculate the remainder when 298779746 is divided by 332.
330
What is the remainder when 37635 is divided by 36071?
1564
Calculate the remainder when 606820 is divided by 1963.
253
What is the remainder when 1371651 is divided by 2398?
2393
Calculate the remainder when 3913260 is divided by 926.
910
What is the remainder when 9850 is divided by 3204?
238
Calculate the remainder when 31412 is divided by 248.
164
What is the remainder when 106203289 is divided by 12?
1
What is the remainder when 2853376 is divided by 375?
1
Calculate the remainder when 52983 is divided by 694.
239
What is the remainder when 5668267 is divided by 410?
17
What is the remainder when 23746815 is divided by 335?
5
What is the remainder when 3896218 is divided by 13915?
18
Calculate the remainder when 11795972 is divided by 97.
93
Calculate the remainder when 141165531 is divided by 12630.
21
Calculate the remainder when 16177502 is divided by 344.
214
Calculate the remainder when 1830818 is divided by 116.
106
Calculate the remainder when 3777398 is divided by 373.
27
Calculate the remainder when 21129 is divided by 744.
297
What is the remainder when 18814101 is divided by 72?
69
Calculate the remainder when 169540 is divided by 429.
85
What is the remainder when 934545 is divided by 10?
5
What is the remainder when 42700396 is divided by 80?
76
Calculate the remainder when 30757268 is divided by 104.
100
What is the remainder when 155875579 is divided by 102?
97
Calculate the remainder when 7866086 is divided by 10.
6
What is the remainder when 1672809 is divided by 405?
159
Calculate the remainder when 30357 is divided by 1358.
481
Calculate the remainder when 15297 is divided by 4936.
489
What is the remainder when 16765924 is divided by 141?
37
Calculate the remainder when 304981 is divided by 323.
69
Calculate the remainder when 187098 is divided by 1948.
90
Calculate the remainder when 160864701 is divided by 18.
15
Calculate the remainder when 4180722 is divided by 1201.
41
What is the remainder when 135443564 is divided by 371?
368
What is the remainder when 146355217 is divided by 143?
8
What is the remainder when 168529673 is divided by 2311?
2309
What is the remainder when 26404041 is divided by 59?
7
What is the remainder when 5132703 is divided by 1710893?
24
What is the remainder when 243695 is divided by 8177?
6562
Calculate the remainder when 279066 is divided by 27904.
26
Calculate the remainder when 63325239 is divided by 86.
85
What is the remainder when 9958578 is divided by 254?
0
What is the remainder when 124033 is divided by 4770?
13
What is the remainder when 2924710 is divided by 92?
30
Calculate the remainder when 3226191 is divided by 111247.
28
Calculate the remainder when 6461648 is divided by 1753.
90
What is the remainder when 408497 is divided by 328?
137
What is the remainder when 306595 is divided by 3405?
145
What is the remainder when 5308631 is divided by 16?
7
Calculate the remainder when 6330887 is divided by 2472.
95
What is the remainder when 12941920 is divided by 3606?
3592
Calculate the remainder when 1489909 is divided by 10064.
437
Calculate the remainder when 955304 is divided by 107.
8
Calculate the remainder when 48373171 is divided by 68.
11
What is the remainder when 431173 is divided by 7567?
7421
What is the remainder when 258960 is divided by 2333?
2330
Calculate the remainder when 2088772 is divided by 175.
147
Calculate the remainder when 79743699 is divided by 25.
24
What is the remainder when 31349516 is divided by 2849956?
0
Calculate the remainder when 285413 is divided by 634.
113
What is the remainder when 16182397 is divided by 3739?
5
Calculate the remainder when 8116727 is divided by 52030.
47
What is the remainder when 324364 is divided by 696?
28
Calculate the remainder when 1182871 is divided by 200.
71
Calculate the remainder when 319824 is divided by 100.
24
What is the remainder when 772469 is divided by 85817?
116
What is the remainder when 207158 is divided by 5844?
2618
Calculate the remainder when 2102227 is divided by 1467.
16
What is the remainder when 180374 is divided by 2619?
2282
What is the remainder when 1843716 is divided by 26712?
588
What is the remainder when 378136 is divided by 1248?
1240
Calculate the remainder when 451395 is divided by 28210.
35
Calculate the remainder when 134260 is divided by 61073.
12114
What is the remainder when 368618829 is divided by 853?
850
Calculate the remainder when 675518 is divided by 788.
202
Calculate the remainder when 16272 is divided by 5392.
96
Calculate the remainder when 21624172 is divided by 41.
34
Calculate the remainder when 18503210 is divided by 408.
2
What is the remainder when 488374 is divided by 1171?
67
What is the remainder when 433492 is divided by 108367?
24
Calculate the remainder when 142470 is divided by 142095.
375
Calculate the remainder when 1905535 is divided by 7941.
7636
Calculate the remainder when 3561890 is divided by 1187293.
11
Calculate the remainder when 7598487 is divided by 1459.
15
What is the remainder when 2125789 is divided by 165?
94
Calculate the remainder when 777496 is divided by 96.
88
What is the remainder when 1598115 is divided by 484?
431
What is the remainder when 589484 is divided by 